 41.
40
What is the remainder when 109267 is divided by 117?
106
Calculate the remainder when 2652274 is divided by 277.
276
Calculate the remainder when 31452 is divided by 10311.
519
Calculate the remainder when 37511 is divided by 92.
67
Calculate the remainder when 1006470 is divided by 131.
128
What is the remainder when 58028 is divided by 317?
17
Calculate the remainder when 4073 is divided by 290.
13
What is the remainder when 48717 is divided by 120?
117
What is the remainder when 20169 is divided by 10?
9
What is the remainder when 1153 is divided by 169?
139
What is the remainder when 20885 is divided by 44?
29
Calculate the remainder when 128646 is divided by 32159.
10
Calculate the remainder when 24234 is divided by 1336.
186
What is the remainder when 1614 is divided by 812?
802
What is the remainder when 264654 is divided by 112?
110
Calculate the remainder when 162874 is divided by 98.
96
Calculate the remainder when 722 is divided by 339.
44
Calculate the remainder when 2035 is divided by 291.
289
What is the remainder when 1855654 is divided by 12?
10
What is the remainder when 4292 is divided by 1347?
251
What is the remainder when 886 is divided by 372?
142
Calculate the remainder when 20754 is divided by 3459.
0
What is the remainder when 32688 is divided by 22?
18
Calculate the remainder when 12420 is divided by 249.
219
What is the remainder when 570070 is divided by 33?
28
What is the remainder when 4778 is divided by 55?
48
Calculate the remainder when 1237 is divided by 629.
608
Calculate the remainder when 8365 is divided by 965.
645
Calculate the remainder when 17412 is divided by 471.
456
Calculate the remainder when 23735 is divided by 133.
61
What is the remainder when 5763 is divided by 2819?
125
What is the remainder when 22842 is divided by 73?
66
Calculate the remainder when 6461 is divided by 678.
359
Calculate the remainder when 186141 is divided by 396.
21
Calculate the remainder when 293473 is divided by 38.
37
What is the remainder when 134982 is divided by 652?
18
What is the remainder when 4797 is divided by 597?
21
Calculate the remainder when 213476 is divided by 26682.
20
Calculate the remainder when 21617 is divided by 36.
17
What is the remainder when 274690 is divided by 34335?
10
Calculate the remainder when 12838 is divided by 5.
3
Calculate the remainder when 2330 is divided by 773.
11
What is the remainder when 1234 is divided by 521?
192
What is the remainder when 418463 is divided by 22024?
7
What is the remainder when 8571 is divided by 8184?
387
What is the remainder when 20206 is divided by 142?
42
What is the remainder when 514201 is divided by 4591?
9
Calculate the remainder when 244213 is divided by 23.
22
Calculate the remainder when 10841 is divided by 1806.
5
What is the remainder when 68183 is divided by 88?
71
Calculate the remainder when 934780 is divided by 467385.
10
Calculate the remainder when 73188 is divided by 331.
37
Calculate the remainder when 1976063 is divided by 744.
743
Calculate the remainder when 13344 is divided by 75.
69
Calculate the remainder when 35270 is divided by 17635.
0
Calculate the remainder when 42183 is divided by 295.
293
What is the remainder when 2826 is divided by 300?
126
Calculate the remainder when 5246 is divided by 194.
8
What is the remainder when 3315 is divided by 64?
51
What is the remainder when 834162 is divided by 111?
108
Calculate the remainder when 121194 is divided by 164.
162
What is the remainder when 3924 is divided by 215?
54
What is the remainder when 1945 is divided by 48?
25
Calculate the remainder when 46799 is divided by 259.
179
What is the remainder when 2323 is divided by 333?
325
What is the remainder when 13898 is divided by 113?
112
What is the remainder when 6523 is divided by 192?
187
Calculate the remainder when 1606 is divided by 1557.
49
What is the remainder when 8748 is divided by 219?
207
What is the remainder when 770 is divided by 683?
87
Calculate the remainder when 10737 is divided by 282.
21
Calculate the remainder when 30010 is divided by 29.
24
What is the remainder when 287265 is divided by 8705?
0
What is the remainder when 8559 is divided by 6?
3
Calculate the remainder when 33650 is divided by 647.
6
Calculate the remainder when 4204 is divided by 86.
76
What is the remainder when 5161 is divided by 1280?
41
Calculate the remainder when 28143 is divided by 5470.
793
What is the remainder when 5322 is divided by 31?
21
What is the remainder when 469941 is divided by 902?
901
What is the remainder when 47576 is divided by 670?
6
What is the remainder when 209458 is divided by 7?
4
Calculate the remainder when 3529 is divided by 271.
6
Calculate the remainder when 3604 is divided by 3561.
43
What is the remainder when 16669 is divided by 2755?
139
Calculate the remainder when 453339 is divided by 33.
18
What is the remainder when 6331 is divided by 877?
192
What is the remainder when 39016 is divided by 4875?
16
Calculate the remainder when 3286 is divided by 234.
10
Calculate the remainder when 803 is divided by 212.
167
What is the remainder when 157677 is divided by 98?
93
Calculate the remainder when 2304 is divided by 230.
4
What is the remainder when 682695 is divided by 7847?
6
What is the remainder when 4756 is divided by 397?
389
Calculate the remainder when 3579 is divided by 989.
612
What is the remainder when 3268 is divided by 156?
148
What is the remainder when 291167 is divided by 10?
7
What is the remainder when 67571 is divided by 68?
47
Calculate the remainder when 26929 is divided by 52.
45
Calculate the remainder when 54016 is divided by 2988.
232
What is the remainder when 106286 is divided by 728?
726
What is the remainder when 2100 is divided by 111?
102
Calculate the remainder when 20527 is divided by 555.
547
What is the remainder when 492 is divided by 451?
41
Calculate the remainder when 45771 is divided by 477.
456
What is the remainder when 10018 is divided by 40?
18
Calculate the remainder when 10456 is divided by 653.
8
Calculate the remainder when 7438 is divided by 795.
283
What is the remainder when 606 is divided by 39?
21
What is the remainder when 91850 is divided by 13117?
31
Calculate the remainder when 3064522 is divided by 43.
41
Calculate the remainder when 18912 is divided by 378.
12
Calculate the remainder when 4481 is divided by 681.
395
What is the remainder when 113229 is divided by 56611?
7
What is the remainder when 1673 is divided by 616?
441
What is the remainder when 4387 is divided by 4280?
107
Calculate the remainder when 79543 is divided by 82.
3
Calculate the remainder when 210 is divided by 96.
18
What is the remainder when 601 is divided by 448?
153
What is the remainder when 5201 is divided by 5056?
145
What is the remainder when 246476 is divided by 120?
116
What is the remainder when 32477 is divided by 160?
157
Calculate the remainder when 1086673 is divided by 34.
33
What is the remainder when 6629 is divided by 11?
7
What is the remainder when 955 is divided by 270?
145
What is the remainder when 12306 is divided by 114?
108
What is the remainder when 1124442 is divided by 80317?
4
Calculate the remainder when 45209 is divided by 522.
317
What is the remainder when 10665 is divided by 3525?
90
What is the remainder when 136314 is divided by 15145?
9
Calculate the remainder when 884 is divided by 187.
136
Calculate the remainder when 168547 is divided by 5618.
7
Calculate the remainder when 1648 is divided by 15.
13
Calculate the remainder when 3253 is divided by 79.
14
What is the remainder when 53957 is divided by 391?
390
Calculate the remainder when 90940 is divided by 30302.
34
What is the remainder when 6094 is divided by 1976?
166
Calculate the remainder when 347003 is divided by 25.
3
What is the remainder when 2070 is divided by 65?
55
What is the remainder when 49681 is divided by 8265?
91
What is the remainder when 5990 is divided by 333?
329
What is the remainder when 18173 is divided by 520?
493
What is the remainder when 3026 is divided by 275?
1
Calculate the remainder when 252 is divided by 110.
32
Calculate the remainder when 344697 is divided by 68937.
12
Calculate the remainder when 1073208 is divided by 23849.
3
